ulate 93 - (21 - 7 - -39).
40
What is (1 - 7) + (-16 - (3 - (14 - 2))) - 10?
-23
Calculate (-145 - -26 - -113) + -18 + -1 + 1.
-24
Evaluate -92 - (-6 - (-15 + 13)) - ((-1 - 1) + 0).
-86
What is the value of -9 - -6 - ((1 - 9) + (24 - 22))?
3
What is the value of 98 + -109 + -11 + 56?
34
What is 81 + (-65 - 104 - -57)?
-31
Evaluate 92 + 1 + (25 + -62 - -23 - -18).
97
Evaluate (-118 - (-198 - -108)) + 90.
62
Calculate (-22 - -16 - -99) + -21 + 10 + 18.
100
Evaluate -35 + 25 - ((12 - 15) + 0 + 22).
-29
What is -66 - (18 + -9 + -130)?
55
What is 105 + 1 - (-18334 + 18522)?
-82
Evaluate 16 + (-43 + 19 - -7) + -12.
-13
Evaluate (-4 - (6 + -4 - -2 - 78)) + -1040 + 1043.
73
Evaluate (-2942 - -2894) + (127 - 0).
79
What is the value of -84 + -72 + 111 + -25?
-70
Calculate (1 - 1) + -33 + -79026 + 78938.
-121
Calculate 14 - (4 - 0 - (36 + (1 - 2))).
45
Calculate (-47 - -63) + (-40 - -32).
8
Calculate -81 + -8 + (-19 - 1) + (-7 - 1).
-117
Calculate -44 - (-6 + 0 + 2835 + -2901).
28
What is -5 + 4 + 10 + 2 + -30?
-19
Evaluate -2 - (-20 + (1 - -30)).
-13
Calculate -45 + ((-10 - -47 - 22) + -21 - (-1 - 12)).
-38
What is the value of -70 - (30 + (-32 - (-6 - -11)))?
-63
-15 - (-167 + 175 - (-80 - (-6 + 4)))
-101
What is -49 + (1 - -2 - (-25 + 25) - -10)?
-36
What is 1356 + -1340 + (0 - -14 - -2)?
32
Evaluate -14 + 11 + 1 + 7 + 3 + -11.
-3
Evaluate -86 + 6 - -9 - -88.
17
(9 - (-4 + 3)) + 150 + -172 + 13
1
Calculate -14 + 7 + 70 - ((-3 - (-5 - -1)) + -4).
66
Evaluate 3557 - 3533 - (-3 + 2 + -18).
43
Evaluate -4 + 17 - 12 - (10 - -54).
-63
What is 7 + -3 + 11 - (-9 + -38)?
62
Calculate -4 + (-10 - -3) + -8 + 0 + -25.
-44
(-10 - 0) + -96 + (147 - 65)
-24
Evaluate 15 + -87 - (8 + -42) - 43.
-81
(-112 - -100) + -15 - -114
87
Calculate (0 - 2 - (13 + 3)) + -8.
-26
Calculate 359 + -349 + -4 + -21.
-15
-6 + 34 + (-26 - -11)
13
What is 4 - (-10 - ((3 - 7 - -10) + 37) - -8)?
49
Evaluate -16 + (77 - (-19 - -59)).
21
What is the value of -20 - (-15 - (6 - 11 - 0))?
-10
(3 + -5 - (147 + -128)) + -36
-57
What is the value of (7 - 8) + 53 + -8 - ((7 - -2) + -1)?
36
Calculate 29 + (-29 - 1) + -38.
-39
Evaluate 26 - (7 + 11) - (16 + 0) - -13 - -9.
14
Evaluate -41 + (11 - (-169 + 23)) + -47.
69
Calculate (-27 - 32 - -50) + 51.
42
(63 - 51) + -9 + (3 - (3 - 11))
14
What is the value of (21 - 0 - 21) + (6 - 8 - (-11 - -1))?
8
Evaluate 2 + (19 - -5 - 29) + -3.
-6
What is the value of 1 - 10 - ((-3 + -3 - (43 - 67)) + -4)?
-23
What is 28 + -3 - (-8 - (25 + -48))?
10
What is (-70 + (45 - 18) - -28) + 2 + -42?
-55
What is the value of 31 + 18 + -56 + -29?
-36
What is 27 + -3 + -31 + (4 + 4 - 14 - 1)?
-14
What is the value of -1 + 4 + 0 + 5 + -21 + 6 + 3?
-4
Calculate 0 + -3 + -23 - -4 - -9.
-13
Calculate -13 + (0 - ((27 - 19) + 9)).
-30
12 + -1 - (28 - (-7 + 20 + 21))
17
Evaluate -92 - (-52 + (140 - 53)).
-127
Evaluate -96 - -159 - (50 - 22).
35
What is the value of 17 - (71 + 63 + -37)?
-80
20 + -153 + 153 + 13 + (-2 - -1)
32
Evaluate 0 - -9 - (-11 + -48 + 23 + 23).
22
Calculate -156 + (117 - (4 - -26)).
-69
What is 13 - -5 - 45 - -14 - (-4 - -28)?
-37
Calculate -37 - ((-22 - -46 - 27) + -9).
-25
Calculate -8 + (94 - (5 - 8 - -10)) + (23 - 14).
88
(52 - 59) + 57 - 8
42
What is 58 - (72 + 62 - 50)?
-26
What is (-38 - -37) + 36 - (13 + -23)?
45
Calculate -31 - -3 - (-1761 - -1719).
14
What is the value of 20 - (-135 + 213 - (8 - 3))?
-53
What is -4 + 39 - (-2 + 15 + -16) - (0 - -9)?
29
Evaluate (2 - -1) + 62 - (-29 + 33) - (15 - 7).
53
What is the value of (163 - 141) + 5 + 0 - 35?
-8
What is 4 - (14 + 0 + 0 - 2) - -28?
20
-161 + 44 + (55 - 77 - (-9 + 0)) + 10
-120
Calculate 3 - (-28 + (-2 + 3 - (8 + -14))).
24
55 + 19 + (-2 - (7 - 3)) - (49 + -43)
62
Calculate 41 + -4 + 58 + 8 + -48.
55
Evaluate 19 - ((-34 - 0) + (304 - 298)).
47
Calculate -43 - (-16 + (14 - 101)).
60
Calculate -48 + 103 + -95 + 37.
-3
What is the value of (-2 - -1) + -11 - (-64 + 1 + -8)?
59
-426 - -386 - (3 - -1)
-44
Calculate 105 - (39 - -4 - 26).
88
What is -48 + (-5 - -1) - (42 + 9 - 50)?
-53
-572 - -561 - (-4 + 3 - -12 - 3) - -7
-12
Evaluate -145 - -135 - (-9 + -1) - -5 - 63.
-58
What is -1465 + 1395 + -4 + 2 + 39?
-33
What is (57 - 83) + 40 - -34?
48
Evaluate 26 - 5 - 170 - -67.
-82
-23 - -31 - (11 - (10 + (1 - -11)))
19
What is (-44 - 1) + -288 + (-330 - -597)?
-66
Calculate -36 + (113 - 59) + -43.
-25
Calculate 41 + -13 - 134 - (-18 - 2).
-86
(-98 - -79) + (40 - 42)
-21
What is 3 + 72 - (5191 - 5098)?
-18
7 - (-14 - -5 - -9) - 6 - -16
17
What is 12 + (8 - (-18 - -16)) + -14 + -66?
-58
What is the value of 151 + 22 + -102 + -166?
-95
Evaluate (3 - 8) + -86 + 3 + (2 - (0 + 2)).
-88
31 + 15 + 3 + 2 + 10 + 0
61
(-1 - -4) + 69 + (2535 - 2559)
48
What is (2 - -52) + (-159 - -143) - 18?
20
What is -11 - (19 + 11 + -46 + 10)?
-5
What is 25 + 13 + (-40 - (-25 + 11))?
12
Evaluate (81 - 110) + 46 - 113.
-96
What is -9 - -14 - (-11 - (-4 - -6))?
18
Calculate -68 + -48 + -64 - -84.
-96
56 + (-33 + -9 + 21 - 1)
34
Evaluate 1 - (-44 - (-12 - -7)) - 2 - (-7 + 1).
44
Calculate 0 - 3 - (-8 - 12 - -2 - (-7 - -5)).
13
What is the value of 7 - ((-12 - -3) + -9 + (-70 - -76))?
19
Evaluate 152 - (107 - (15 + 21)).
81
Evaluate 28 + (92 - 53) + -82.
-15
What is the value of (133 - (309 + -240)) + (-20 - (0 - 0))?
44
What is the value of -11 + (-16 - -54 - 22)?
5
What is -4 + (-2 - -78) - (21 - (-5 - -4))?
50
What is the value of 52 - (87 - (-93 - -123))?
-5
-5 - (1 - -1) - (3 + (2 - 17) + -14)
19
Calculate -22 - ((-45 - -80) + -22).
-35
37 - (-2 - -54) - (-2 + -14) - 108
-107
What is the value of -1 - -38 - (-33 - -55) - -6?
21
What is 24 + (59 - 102) - -109?
90
Calculate (0 - 123) + (-52 - -99) + -5 + -20.
-101
What is the value of (-21 - -9) + 27 + -25 + 21 + (0 - -2)?
13
What is 1 + 23 + -10 + (-12 - 10) + -20?
-28
What is the value of 15 + -3 + (1542 - 1534)?
20
What is the value of -5 - 8 - 6 - (11 - 11)?
-19
Evaluate 0 + (1 - 3) - (-29 + (21 - 3) + 100).
-91
What is the value of 36 + 6 + 5 + -13 + -5 - 4?
25
(-5 - (-6 + 32 - (0 + 4))) + (-17 - -21)
-23
Evaluate -89 + 69 + (-148 - -63).
-105
What is 32 + 6 - (6 - -4 - (-3 - -1))?
26
(21 + 60 - 145) + 89
25
What is the value of -37 - -1 - (8 + (-30 + 14 - -1) - 1)?
-28
What is the value of -49 - (-51 + (120 - 53))?
-65
What is 40 + -1 + -7 + 12 - (20 - 3)?
27
-3 + 11 + 1 + -3 + (-92 - (-31 + 16))
-71
Calculate -5 - (-50 + 14 - -5) - 3 - -5.
28
What is -18 - (23 - (101 + 6) - 9)?
75
Calculate (6 - -26) + 41 - 35.
38
Evaluate (67 - -1) + 1432 + -1503.
-3
What is the value of 23 - (-18 + (-23 - -53) - 5)?
16
What is -5 + -1 + -8 + (64 - (-8 - -33))?
25
Evaluate (-44 - -30) + 53 + 10.
49
What is the value of 10 + (-32 - (12 + -4 + -7)) + 4 + -17?
-36
Calculate (-12 - -4) + 3 - (1 - (-8 + -40 + 14)).
-40
What is the value of 1 + (-13 - -16) + -4 + 39?
39
Calculate 15 - (-27 - (60 + (-16 - 1))).
85
What is the value of (-42 - (50 - 70)) + 33 + (-2 - (-4 + -1))?
14
Calculate -7 - ((0 - (-34 - -14)) + -32).
5
What is 9485 + -9496 - (0 + -8)?
-3
What is the value of -18 + -42 + 49 - -5?
-6
Calculate 7 + 2 + (19 - 25) - (-60 + 54).
9
Calculate (1 + -2 - (-70 - -61)) + (0 - -22).
30
What is -59 + 39 + -172 + 127?
-65
(-3 + (51 - 31) - 26) + -16
-25
Calculate -29 - (-80 + 0 + (-23 - -1)).
73
What is the value of (10 - 12) + -15 + 8 + (66 - -42)?
99
Evaluate -51 - -157 - (21 + 19).
66
1 + 60 - (88 + (-113 - -55) - 50)
81
2 + -8 + (-29 + 10 + 97 + -11 - 11)
50
(12 - (-21 - (-5 - -22)) - -1) + 18
69
What is the value of -71 + (19 - 22) - (-18 + 4 + 1)?
-61
What is the value of -32 + -18 + (183 - 106)?
27
Calculate -1680 + 1638 + 39 + 7.
4
What is the value of (-40 - -48 - 56) + -3 + -3 + 2?
-52
What is -22 + (1 + -2 - (-32 - (-22 + 10)))?
-3
Evaluate (-2 - 0) + (-31 + 49 - 22).
-6
What is (14 - (17 - -6)) + 10 + -17?
-16
What is the value of 28 + (44 + 22 - 75)?
19
What is the value of (6 - 48) + 18 - (-9 + -2)?
-13
21 + -22 + 53 + -35 - (7 - 0)
10
Calculate -14 + 12 - (-2 + 5) - (-25 + 5).
15
Calculate 4 - (10 - -3) - (-57 + 7 + -2).
43
-10 + (1 - -7) + 9 + (5 - 47 - -9)
-26
155 - (26 + (46 - (-32 - -61)))
112
What is 55 + (-16 - (-6 + -24) - 21)?
48
What is the value of 4 + (-39 - (4 - 2)) + 68 + -55?
-24
Evaluate -2 - 0 - (388 + -420) - 80.
-50
81 + (-229 - -109) + 153
114
23 + -7 + (